 503*b**2 + 8*b - 15. Calculate j(0).
-15
Let r(i) = i**2 + 3*i - 8818. Determine r(91).
-264
Let h(z) = 3*z**3 - 7*z**2 + 23070*z - 115368. What is h(5)?
182
Let g(n) = n**3 - 127*n**2 - 258*n + 63293. Determine g(125).
-207
Let d(n) = n**3 + 812*n**2 - 17844*n + 420347. Calculate d(-834).
11
Let q(c) = -c**3 - 99*c**2 - 2212*c - 2229. What is q(-66)?
15
Let t(i) = 12*i**2 - 196*i + 615. Give t(13).
95
Let r(n) = -n**3 - 7*n**2 - 57*n - 108. What is r(-8)?
412
Let t(s) = s**3 + 435*s**2 + 35964*s - 191. What is t(-111)?
-191
Let m(p) = -10409*p**2 - 1842393*p + 13. Determine m(-177).
13
Let k(x) = -352*x + 61246. Give k(174).
-2
Let h(t) = t**2 - 346*t + 29565. Calculate h(154).
-3
Let q(p) = 16*p**2 + 323*p + 451. What is q(-17)?
-416
Let b(i) = -5*i**3 + 1730*i - 24. What is b(0)?
-24
Let x(q) = -q**3 + 53*q**2 + 899*q - 43501. What is x(55)?
-106
Let r(m) = -6*m**2 + 30*m + 58. Determine r(2).
94
Let w(g) = -g**3 + 16*g**2 - 98*g + 347. Give w(8).
75
Let v(g) = g**3 + 14*g**2 - 631*g - 6406. Give v(-10).
304
Let q(i) = 16*i**2 + 5475*i - 43813. What is q(8)?
1011
Let g(u) = u**3 + 53*u**2 + 191*u + 166. Give g(-49).
411
Let g(i) = 4003*i**2 + 36027*i + 1. Determine g(-9).
1
Let n(c) = -9*c**2 - 3389*c + 13546. Determine n(4).
-154
Let k(i) = -i**2 - 2043*i - 325157. Determine k(-174).
49
Let b(h) = -42788*h - 727411. Give b(-17).
-15
Let q(x) = 14875*x + 312353. Calculate q(-21).
-22
Let u(m) = -584*m**2 - 177536*m - 43. Calculate u(-304).
-43
Let s(x) = -20*x**2 - 94*x + 147. Determine s(-10).
-913
Let f(s) = -865*s**3 - 6944*s**2 - 191*s + 15. What is f(-8)?
7
Let h(r) = -r**2 - 162*r + 9446. Determine h(44).
382
Let p(n) = -3*n**2 - 362*n + 10582. What is p(-139)?
2937
Let l(b) = b**2 + 17*b - 12555. What is l(-125)?
945
Let t(m) = -2*m**2 - 22*m + 530. Give t(-32).
-814
Let r(m) = 34*m**3 - 166*m**2 + 99*m - 475. Calculate r(5).
120
Let a(x) = -3*x**3 + 70*x**2 - 239*x - 5. Determine a(4).
-33
Let m(n) = -9*n**3 + 17*n**2 - 389*n + 1900. Determine m(5).
-745
Let d(q) = 8088*q - 477182. What is d(59)?
10
Let c(x) = -2*x**3 + 39*x**2 - 78*x - 131. Give c(17).
-12
Let k(m) = -18*m**2 + 1686*m - 25542. Determine k(19).
-6
Let s(k) = -5671*k**2 - 56705*k + 60. Determine s(-10).
10
Let o(a) = 2*a**2 - 239*a - 4943. Determine o(-18).
7
Let b(l) = -7480*l - 22066. Determine b(-3).
374
Let v(x) = 7519*x + 157954. Calculate v(-21).
55
Let o(n) = 25*n**2 + 49*n + 312. Calculate o(-5).
692
Let r(q) = -423*q - 349. Give r(-10).
3881
Let n(m) = -m**3 - 173*m**2 - 5591*m - 18. What is n(-43)?
25
Let i(m) = -155*m + 20961. Give i(128).
1121
Let m(c) = c**3 - 140*c**2 + 3744*c - 42. What is m(36)?
-42
Let a(c) = -1596*c + 177152. Give a(111).
-4
Let n(r) = -r**3 - 2*r**2 + 317*r + 944. Give n(-3).
2
Let z(m) = 2950*m - 17724. Calculate z(6).
-24
Let q(g) = 5*g**2 - 1002*g - 7918. Give q(208).
-14
Let j(w) = -4*w**2 - 1347*w - 44933. What is j(-38)?
477
Let p(k) = 3*k**2 - 2575*k + 22944. Calculate p(9).
12
Let l(q) = -6*q**2 + 8*q + 1866. Give l(18).
66
Let c(v) = 2*v**2 - 161*v - 1388. Calculate c(87).
-257
Let t(o) = 408*o - 13960. What is t(35)?
320
Let n(y) = -1644*y + 1321771. Calculate n(804).
-5
Let x(t) = 461*t**2 - 5993*t + 5. What is x(13)?
5
Let y(b) = 1598*b - 14744. What is y(9)?
-362
Let c(m) = -210807*m + 2951297. What is c(14)?
-1
Let d(a) = -7385*a + 22021. Determine d(3).
-134
Let s(x) = -x**3 + 34*x**2 - 113*x + 80. What is s(1)?
0
Let g(v) = -144*v**3 - 14*v**2 - 290*v - 274. What is g(-1)?
146
Let z(q) = -5*q**3 - 394*q**2 + 79*q - 149. Calculate z(-79).
-149
Let m(y) = -y**3 - 33*y**2 + 112*y - 423. Give m(-36).
-567
Let b(x) = -2187*x + 328095. What is b(150)?
45
Let w(z) = 3893*z + 2037. What is w(-1)?
-1856
Let p(f) = -5*f**3 + 114*f**2 - 575*f - 83. Give p(15).
67
Let g(l) = -2*l**3 + 829*l**2 + 1244*l + 1578. Determine g(416).
-86
Let y(n) = -n**3 + 17*n**2 + 21*n + 14. What is y(19)?
-309
Let d(q) = -30599*q + 5997406. What is d(196)?
2
Let n(t) = 9*t**2 - 321*t + 42. Give n(35).
-168
Let z(q) = -q**3 - 575*q**2 + 9*q + 385. What is z(0)?
385
Let d(g) = -39*g**3 - 340*g**2 - 552*g - 212. Give d(-1).
39
Let i(a) = -3*a**3 + 151*a**2 + 82*a + 693. Calculate i(51).
-327
Let i(w) = -16*w**3 + 498*w**2 - 56*w - 230. What is i(31)?
-44
Let o(m) = -101*m**2 - 881*m + 4384. What is o(5)?
-2546
Let a(y) = -5301*y - 604318. What is a(-114)?
-4
Let o(k) = 3*k**3 + 1149*k**2 + 14402*k - 366. What is o(-13)?
-2
Let l(x) = -72143*x - 649309. What is l(-9)?
-22
Let a(s) = 608*s + 343479. Calculate a(-565).
-41
Let w(u) = -2*u**3 - 747*u**2 + 1892*u + 4528. What is w(-376)?
16
Let h(c) = 744248*c - 1488505. Calculate h(2).
-9
Let t(h) = 658286*h + 8557721. Calculate t(-13).
3
Let o(u) = -2*u**3 + 191*u**2 - 4166*u + 944. Calculate o(62).
200
Let k(n) = 175*n**2 + 638*n - 5358. Calculate k(4).
-6
Let w(m) = 5*m**2 + 191*m - 535. Calculate w(-36).
-931
Let v(d) = -3761*d - 30125. Calculate v(-8).
-37
Let i(c) = 78*c**3 + 12*c**2 + 21*c - 2. Determine i(-2).
-620
Let p(n) = 3652*n - 22253. Give p(6).
-341
Let y(b) = 8282*b - 82850. Calculate y(10).
-30
Let s(f) = 7*f**3 - 21*f**2 - 68*f + 161. Give s(5).
171
Let k(c) = 2428*c + 293796. Determine k(-121).
8
Let i(s) = s**3 - 140*s**2 + 2771*s + 1512. Give i(116).
4
Let g(r) = -235*r**2 + 560*r - 2175. Calculate g(4).
-3695
Let z(n) = 1503*n + 11746. Give z(-7).
1225
Let w(b) = 4*b**3 + 338*b**2 + 666*b + 71033. Determine w(-85).
-27
Let g(m) = m**3 + 81*m**2 - 62*m + 1779. What is g(-82)?
139
Let j(u) = -282610*u + 22326181. Determine j(79).
-9
Let t(m) = 14*m + 419. Calculate t(61).
1273
Let b(t) = t**2 - 262*t + 7593. Determine b(48).
-2679
Let t(a) = -23*a**2 + 712*a + 3651. Calculate t(-5).
-484
Let l(p) = -4712*p + 2304276. Give l(489).
108
Let y(i) = -6403*i + 51188. What is y(8)?
-36
Let k(v) = 138*v - 422. Calculate k(8).
682
Let h(m) = m**2 - 1792*m + 172393. Give h(102).
13
Let q(s) = s**3 - 157*s**2 + 1344*s - 135823. Calculate q(154).
5
Let i(x) = -x**3 - x**2 + 127. What is i(9)?
-683
Let r(a) = 17210*a + 4698329. Give r(-273).
-1
Let v(a) = 5*a**2 - 659*a - 17834. Calculate v(-23).
-32
Let t(g) = 38*g**2 + 2940*g - 54. What is t(-78)?
1818
Let g(j) = 599460*j - 7793019. Give g(13).
-39
Let z(y) = y**3 + 93*y**2 - 304*y - 891. Calculate z(-96).
645
Let b(p) = -985*p - 61075. Determine b(-62).
-5
Let c(w) = w**3 + 161*w**2 - 116*w + 7592. What is c(-162)?
140
Let j(s) = 17329*s - 138699. Calculate j(8).
-67
Let m(z) = -53*z**2 + 2921*z + 2634. What is m(56)?
2
Let r(s) = -1798*s + 16262. Calculate r(9).
80
Let r(v) = -5*v**2 - 503*v - 927. Determine r(-95).
1733
Let g(i) = -2431*i - 2433425. Calculate g(-1001).
6
Let s(z) = -4*z**3 - 731*z**2 - 1270*z - 540. Calculate s(-181).
3
Let i(w) = 2*w**3 - 169*w**2 + 3585*w - 694. Calculate i(43).
-6
Let s(i) = -173*i + 6564. Give s(42).
-702
Let x(z) = -3*z**2 + 138*z + 23232. Give x(114).
-24
Let w(t) = 4364*t - 815987. What is w(187)?
81
Let w(z) = 47*z**2 + 370*z + 36. Give w(-8).
84
Let k(b) = 48*b**2 + 354*b + 36. Calculate k(-6).
-360
Let u(x) = x**3 - 7*x**2 - 117*x + 553. Give u(4).
37
Let r(z) = 6579*z + 7006645. Calculate r(-1065).
10
Let m(p) = -5113*p + 178970. Determine m(35).
15
Let l(p) = -19*p**2 - 13*p - 73. What is l(9)?
-1729
Let h(m) = 503*m - 107136. Give h(213).
3
Let c(i) = -406*i + 3019. Give c(7).
177
Let w(p) = 1625*p + 48692. Give w(-30).
-58
Let v(n) = -n**3 - 11*n**2 + 2561*n + 12978. What is v(-5)?
23
Let v(z) = 993*z + 251216. Calculate v(-253).
-13
Let x(w) = 825*w + 224405. What is x(-272)?
5
Let i(v) = -v**2 + 9371*v - 56178. Determine i(6).
12
Let c(a) = -2*a**2 - 256*a + 1039. Determine c(4).
-17
Let k(r) = -r**3 - 73*r**2 - 615*r - 1303. What is k(-6)?
-25
Let r(l) = -2*l**3 - 40*l**2 - 1890*l - 37785. Give r(-20).
15
Let y(r) = -332*r - 18764. Calculate y(-56).
-172
Let t(q) = -8*q**2 - 5*q + 41. What is t(2)?
-1
Let v(t) = 4*t**2 + 802*t + 4650. What is v(-6)?
-18
Let o(m) = -50*m**3 - 9851*m**2 - 198*m - 177. Give o(-197).
20
Let u(j) = 2*j**2 + 11851*j - 83017. Give u(7).
38
Let d(s) = -955*s + 6251. Calculate d(7).
-434
Let f(d) = 317*d**3 - 10*d**2 - 24*d - 25. What is f(-2)?
-2553
Let u(d) = 13*d**2 - 3779*d - 819. Determine u(291).
345
Let u(t) = 63*t**2 + 193*t + 18. What is u(0)?
18
Let w